{"id":2775,"date":"2015-07-04T18:11:54","date_gmt":"2015-07-04T18:11:54","guid":{"rendered":"http:\/\/themes.webdevia.com\/bodyguard\/?page_id=2775"},"modified":"2022-11-27T17:04:49","modified_gmt":"2022-11-27T14:04:49","slug":"glass-repair","status":"publish","type":"page","link":"http:\/\/mobilgeplus.com\/index.php\/glass-repair\/","title":{"rendered":"Cam Tamiri"},"content":{"rendered":"<p><img loading=\"lazy\" decoding=\"async\" class=\"alignnone wp-image-3431 size-medium\" src=\"http:\/\/mobilgeplus.com\/wp-content\/uploads\/2022\/11\/camdegisimi-300x280.jpg\" alt=\"\" width=\"300\" height=\"280\" srcset=\"http:\/\/mobilgeplus.com\/wp-content\/uploads\/2022\/11\/camdegisimi-300x280.jpg 300w, http:\/\/mobilgeplus.com\/wp-content\/uploads\/2022\/11\/camdegisimi-600x560.jpg 600w, http:\/\/mobilgeplus.com\/wp-content\/uploads\/2022\/11\/camdegisimi-1024x956.jpg 1024w, http:\/\/mobilgeplus.com\/wp-content\/uploads\/2022\/11\/camdegisimi-768x717.jpg 768w, http:\/\/mobilgeplus.com\/wp-content\/uploads\/2022\/11\/camdegisimi-1536x1433.jpg 1536w, http:\/\/mobilgeplus.com\/wp-content\/uploads\/2022\/11\/camdegisimi.jpg 1600w\" sizes=\"auto, (max-width: 300px) 100vw, 300px\" \/>\u00a0 \u00a0 \u00a0 \u00a0 \u00a0 \u00a0 \u00a0 \u00a0 \u00a0 \u00a0 \u00a0 \u00a0 \u00a0<img loading=\"lazy\" decoding=\"async\" class=\"alignnone size-medium wp-image-3434\" src=\"http:\/\/mobilgeplus.com\/wp-content\/uploads\/2022\/11\/lensdegisimi-300x300.jpg\" alt=\"\" width=\"300\" height=\"300\" srcset=\"http:\/\/mobilgeplus.com\/wp-content\/uploads\/2022\/11\/lensdegisimi-300x300.jpg 300w, http:\/\/mobilgeplus.com\/wp-content\/uploads\/2022\/11\/lensdegisimi-100x100.jpg 100w, http:\/\/mobilgeplus.com\/wp-content\/uploads\/2022\/11\/lensdegisimi-600x600.jpg 600w, http:\/\/mobilgeplus.com\/wp-content\/uploads\/2022\/11\/lensdegisimi-150x150.jpg 150w, http:\/\/mobilgeplus.com\/wp-content\/uploads\/2022\/11\/lensdegisimi-768x768.jpg 768w, http:\/\/mobilgeplus.com\/wp-content\/uploads\/2022\/11\/lensdegisimi.jpg 1024w\" sizes=\"auto, (max-width: 300px) 100vw, 300px\" \/><\/p>\n<p>Cep telefonu hayat\u0131m\u0131z\u0131n ayr\u0131lmaz bir par\u00e7as\u0131 haline geldi. Art\u0131k s\u0131k\u0131lmadan internette gezinebilir, sosyal a\u011f sitelerimize giri\u015f yapabilir veya saatlerce telefonunuzda bo\u015f zaman aktiviteleri ger\u00e7ekle\u015ftirebiliriz.<br \/>\nAncak, Whatsapp mesajlar\u0131n\u0131z\u0131 sessizce incelerseniz ve fark etmeden \u00f6nce telefon elinizden kayar ve ekran\u0131 bin par\u00e7aya b\u00f6l\u00fcn\u00fcrse ne olur? Sahibinin doldurdu\u011fu duygu, benzerlerini ya\u015famam\u0131\u015f insanlar taraf\u0131ndan anla\u015f\u0131lamaz.<\/p>\n<p>K\u0131r\u0131k cam\u0131n\u0131z i\u00e7in ekran tamirine ihtiyac\u0131n\u0131z varsa, sekt\u00f6rdeki en iyi ve telefonunuzun g\u00fcvende oldu\u011fundan emin olman\u0131z gerekir. Bu nedenle, teknikerlerimze ve teknik ekibimize \u00fclkedeki en iyi onar\u0131m uzman\u0131 olmak i\u00e7in e\u011fitim veriyoruz.<\/p>\n<p>Telefonunuzun cam\u0131 ne \u015fartlarda de\u011fi\u015fir.<br \/>\nTelefonunuzun \u00fcst cam\u0131 k\u0131r\u0131ld\u0131\u011f\u0131nda g\u00f6r\u00fcnt\u00fc de sorun yoksa ve telefonun ekran\u0131 orjinalse cam de\u011fi\u015fimi i\u015flemi ger\u00e7ekle\u015ftirilebir. Cam de\u011fi\u015fimi yap\u0131ld\u0131\u011f\u0131nda orjinal ekran\u0131n\u0131z\u0131 kullanmaya devam edersiniz. Telefon cam\u0131 de\u011fi\u015fti\u011finde g\u00f6r\u00fcnt\u00fc kalitesi ve dokunmatik hassasiyeti eskisi gibi kal\u0131r.<\/p>\n","protected":false},"excerpt":{"rendered":"<p>\u00a0 \u00a0 \u00a0 \u00a0 \u00a0 \u00a0 \u00a0 \u00a0 \u00a0 \u00a0 \u00a0 \u00a0 \u00a0 Cep telefonu hayat\u0131m\u0131z\u0131n ayr\u0131lmaz bir par\u00e7as\u0131 haline geldi. Art\u0131k s\u0131k\u0131lmadan internette gezinebilir, sosyal a\u011f sitelerimize giri\u015f yapabilir veya saatlerce telefonunuzda bo\u015f zaman aktiviteleri ger\u00e7ekle\u015ftirebiliriz. Ancak, Whatsapp mesajlar\u0131n\u0131z\u0131 sessizce incelerseniz ve fark etmeden \u00f6nce telefon elinizden kayar ve ekran\u0131 bin par\u00e7aya b\u00f6l\u00fcn\u00fcrse ne [&hellip;]<\/p>\n","protected":false},"author":1,"featured_media":0,"parent":0,"menu_order":0,"comment_status":"closed","ping_status":"closed","template":"page-template\/left-sidebar.php","meta":{"footnotes":""},"class_list":["post-2775","page","type-page","status-publish","hentry"],"_links":{"self":[{"href":"http:\/\/mobilgeplus.com\/index.php\/wp-json\/wp\/v2\/pages\/2775","targetHints":{"allow":["GET"]}}],"collection":[{"href":"http:\/\/mobilgeplus.com\/index.php\/wp-json\/wp\/v2\/pages"}],"about":[{"href":"http:\/\/mobilgeplus.com\/index.php\/wp-json\/wp\/v2\/types\/page"}],"author":[{"embeddable":true,"href":"http:\/\/mobilgeplus.com\/index.php\/wp-json\/wp\/v2\/users\/1"}],"replies":[{"embeddable":true,"href":"http:\/\/mobilgeplus.com\/index.php\/wp-json\/wp\/v2\/comments?post=2775"}],"version-history":[{"count":8,"href":"http:\/\/mobilgeplus.com\/index.php\/wp-json\/wp\/v2\/pages\/2775\/revisions"}],"predecessor-version":[{"id":3440,"href":"http:\/\/mobilgeplus.com\/index.php\/wp-json\/wp\/v2\/pages\/2775\/revisions\/3440"}],"wp:attachment":[{"href":"http:\/\/mobilgeplus.com\/index.php\/wp-json\/wp\/v2\/media?parent=2775"}],"curies":[{"name":"wp","href":"https:\/\/api.w.org\/{rel}","templated":true}]}}